 x = 0 + 8. Let g(n) = n**3 - 7*n**2 - n - 1. Is g(x) a prime number?
False
Suppose k - 668 = -5*h, 2*k = 4*h - 9*h + 671. Suppose h = 3*z + 403. Let r = -53 - z. Is r composite?
False
Let o(a) = a**3 + 4*a**2 + 3*a. Let s be o(-3). Suppose -k = -q - 4 - 5, s = -k + 3*q + 5. Let h = k - -27. Is h prime?
False
Is (-2958)/(-1) - (-1 - 4) composite?
False
Let d be (-38)/4 - 1/(-2). Let x(t) = -t - 11. Let l be x(d). Is 32 + 0 - 1*l composite?
True
Suppose -7640 = -7*h - h. Is h prime?
False
Let u = 6583 - 4446. Is u prime?
True
Suppose 408 = 5*g - 17. Is g composite?
True
Suppose -m = -0*m - 4. Let f(l) = 2*l**3 - l**2 + 5*l - 5. Is f(m) composite?
False
Suppose 190 = 5*u + 7*g - 2*g, 0 = u + 3*g - 40. Suppose 4*y - u - 19 = 0. Is y a prime number?
False
Let i(v) = v**2 + 8*v + 2. Let z be i(-8). Suppose 0 = -3*y - 4*x + 98, 3*y = -z*x - 36 + 136. Is y composite?
True
Let m be 159/(1 + 14/(-20)). Suppose 3*c = -f + 172, -c - m = -2*f - 151. Is f composite?
True
Let b(o) = 39*o**2 + 4*o - 9. Is b(4) a prime number?
True
Is 4/6 - 115/(-3) composite?
True
Let g = -2037 + 3452. Is g a composite number?
True
Suppose 0*y - 4*y + 56 = 0. Let w = y + 1. Suppose w = 3*g - 30. Is g a prime number?
False
Let j(h) = 279*h**2 + 2*h - 1. Let x be j(1). Suppose 4*d - z + 5*z = x, -5*d + 4*z + 323 = 0. Is d a composite number?
False
Let h(o) = 2*o**2 - 2*o - 5. Suppose 7*t - 2*t - 65 = 0. Is h(t) a composite number?
False
Let s(v) = 11*v**2 - v - 7. Let l(i) = i**2 - 1. Let p(z) = -5*l(z) + s(z). Let h(u) be the first derivative of p(u). Is h(3) composite?
True
Is (13518/(-27))/(4/(-6)) a prime number?
True
Let a(t) = 2*t + 12. Let j be a(9). Is j - (-6 + 6/2) a composite number?
True
Let o be -1 + -1 + (4 - -1). Suppose -231 = -o*l + 24. Is l prime?
False
Suppose -5*t + 369 + 566 = 0. Suppose t = 3*v - 194. Is v composite?
False
Let w be 2/(-4) - 21/(-6). Let j(n) = -33*n**3 + 4*n - n - n + n**2 + w - 2. Is j(-1) a composite number?
True
Let z(p) = -p**3 - 7*p**2 - 6*p + 1. Let q(r) = r**3 + 8*r**2 + 7*r - 2. Let w(i) = -2*q(i) - 3*z(i). Let m be w(-3). Suppose -m = 3*u - 238. Is u composite?
True
Let z(g) = 2*g**3 - 9*g**2 - 8*g - 1. Is z(8) a composite number?
False
Let b be (-4)/(3 - 1) + 4. Suppose t = 6 - b, -3*r = 2*t - 17. Suppose k + 5*j - 26 = 0, -4*j - 115 = -r*k - 18. Is k composite?
False
Suppose 3280 - 837 = w. Is w a prime number?
False
Let t(v) = 2*v**2 - 5*v - 10. Let f = -35 + 19. Let g = f - -23. Is t(g) a composite number?
False
Let n(q) = q**3 - 6*q**2 + 8*q + 19. Let k be n(8). Let f = 498 - k. Is f a prime number?
False
Let s(p) be the second derivative of p**5/20 + 3*p**4/4 - p**3/3 + 3*p**2/2 - 2*p. Is s(-7) composite?
True
Let r = 3319 - 2326. Is r prime?
False
Suppose 5*x = 4*x + 275. Suppose 6*r - r = x. Is r a prime number?
False
Let d(r) be the third derivative of r**6 - r**5/30 + r**4/12 - r**3/6 + r**2. Is d(1) composite?
True
Suppose 0 = -c + 263 - 58. Is c composite?
True
Suppose 0*m - 9 = -m - 4*p, -4*m - p = 9. Is m/(3 - 9)*322 a composite number?
True
Let f(v) = 3*v**2 + 4*v**2 - 2*v + 4*v**2 - 7*v**2 - 1. Is f(5) a composite number?
False
Suppose 16*c = 17*c - 77. Is c composite?
True
Let q(t) = t**3 - 6*t**2 + 6*t - 5. Suppose -2*n + 5*i + 18 = 0, 3*n - n = -i - 6. Let u be (1 - -2) + (n - -4). Is q(u) a composite number?
False
Suppose -4*w = -5*w + 12. Is 11*w/2 - -3 a composite number?
True
Let x = -9 + 2. Let p(i) = 8*i + 3. Let z(m) = 8*m + 4. Let b(s) = 5*p(s) - 6*z(s). Is b(x) prime?
True
Let l(i) = -i**2 + 21*i - 19. Is l(14) a composite number?
False
Suppose 0 = -5*g + 706 + 69. Is g composite?
True
Let k = 8 - 5. Let c(a) = k*a + 2*a - 3*a + 5 - 2. Is c(9) composite?
True
Let l(j) = 16*j**2 + j + 5. Is l(-4) a composite number?
False
Suppose -5*b = -5*a - 310, -1 = 3*b - a - 185. Suppose -3*m = -2*m + 42. Let n = b + m. Is n a prime number?
True
Let d(s) = 43*s**2 - 10*s + 16. Is d(5) composite?
True
Let g = 6 + -4. Let s(x) = 6*x**2 + x - x**g - 3 + 0*x**2. Is s(-3) composite?
True
Let j = 746 - -797. Is j prime?
True
Suppose -r + 1790 = 3*r + 2*u, -r + u = -443. Is r prime?
False
Suppose 0*m + 5*z = -m + 47, 3*z = -5*m + 125. Is ((-11)/(-2) + -3)*m a prime number?
False
Let q = -745 + 8646. Is q a prime number?
True
Let l = 1891 - -75. Is l a composite number?
True
Suppose -2*f = 0, -5*x + 9 = -4*x + 3*f. Let j(z) = 4 - 6 - z**2 - x - 11*z. Is j(-9) composite?
False
Suppose -3*k - y + 28 = 9, 4*y = -4*k + 36. Suppose -2*v - 4*c = -338, 987 - 187 = k*v - 5*c. Is v a prime number?
True
Let x(v) = -v**2 - 2*v - 3. Let k be x(-3). Let m = 2 + -1. Is -44*(m + 9/k) composite?
True
Let y = 1 + 3. Let p(t) = t**2 + t + 3. Is p(y) a prime number?
True
Let g be (-7)/2*(2 - 100). Suppose 0 = -3*x - 2*r - 3*r, 4*x + 4*r = 0. Suppose 2*q - 5*f - 154 = -x*q, -g = -5*q + 2*f. Is q composite?
False
Is (-19)/18*-184 + (-4)/18 a prime number?
False
Let w be (1 + -3 + 1)*42. Let p = 32 - w. Is p composite?
True
Let y(o) = o**3 - 2*o**2 - 2*o + 2. Let u be y(2). Let p = u + 33. Is p a prime number?
True
Let c(j) be the third derivative of -j**6/30 - j**5/15 - j**4/6 + j**3/6 - 15*j**2. Suppose -12 = 3*x + x. Is c(x) prime?
False
Suppose -4*o = -o - 12. Suppose 3 = i + o. Let m = 6 - i. Is m composite?
False
Let y(n) = -21 + 20 + n + 90 + n**2. Is y(0) a composite number?
False
Let q(j) = 11*j**2 + 2*j + 1. Let n be q(-1). Let s = n - 27. Let p = 42 + s. Is p prime?
False
Let k(z) = 85*z - 3. Is k(4) composite?
False
Let o(z) = z**2 + 77. Let k be 0/(-2) + 0/7. Is o(k) a composite number?
True
Is (1/(-2))/((-1)/46) a prime number?
True
Is ((3 - 889)*-1)/2 prime?
True
Suppose 123 + 307 = 5*a. Is a composite?
True
Let z = 6 - 12. Is (-270)/(-14) - z/(-21) a prime number?
True
Let h be -1 + (-2)/(-2) - -5. Suppose 5*c = -u - 38, -h*u = -4*c - 4*u - 25. Let o(l) = l + 9. Is o(c) a prime number?
True
Let r = 6 + -1. Suppose 108 = w - r*m, 4*m + 0*m = -3*w + 229. Is w composite?
False
Let z(u) be the third derivative of u**4/4 - 7*u**3/6 + 3*u**2. Is z(7) composite?
True
Let r(z) = 337*z - 4. Is r(5) a composite number?
True
Is 8890/8 - ((-1)/(-4) - 0) composite?
True
Let v(g) be the third derivative of -g**5/60 + 5*g**4/24 - g**3/3 + 5*g**2. Let k be v(4). Is k + 9 + (-12)/6 composite?
True
Let b(l) = -l**2 - 13*l + 10. Let k be b(-10). Let z = k + 103. Is z composite?
True
Suppose -2*h - 5*c + 1032 = 0, -3*h - 5*c - 48 = -1591. Is h a prime number?
False
Suppose -4*q + 8*h - 4*h = -1644, 0 = -q + 5*h + 395. Is q a composite number?
True
Let x(f) = 5*f**2 + 3*f + 1. Let i be x(-3). Let s = i - 0. Is s prime?
True
Let l(d) = 3*d**3 + 11*d - 19. Is l(7) a composite number?
False
Suppose -d = -6*d + 2095. Is d prime?
True
Let s be (2/(-3))/((-6)/6705). Suppose -5*t - s = -5*a - 0*t, -596 = -4*a - t. Is a composite?
False
Let a(x) = x + 4. Let o(r) = -2*r + 2. Let l be o(-4). Is a(l) composite?
True
Suppose 4*v = -0*v - 4*o, -v = 5*o - 4. Let c(m) = -36*m**3 - 1. Is c(v) a prime number?
False
Suppose 4*y = 4620 - 1744. Is y a composite number?
False
Suppose -2*f - 168 = -4174. Is f a prime number?
True
Suppose 2*j = -f + 3*j + 18, 2*j = 5*f - 78. Is f a prime number?
False
Let n be 549/18 + (-2)/4. Let f = 25 + n. Is f prime?
False
Let z(q) = 30*q - 4. Let f be z(4). Let l = f - -5. Is l composite?
True
Is ((-1)/(-1))/(9/11871) a composite number?
False
Let r = -173 - -255. Is r composite?
True
Suppose 0 = -u - 1 - 3. Let d(t) = 2*t**2 + t**3 + 1 + 6*t + 3*t**2 + 2*t**2. Is d(u) a prime number?
False
Suppose 4 = 5*o - 1. Let g = 4 + o. Suppose -67 = -g*z + 3. Is z a composite number?
True
Let w(c) = c**3 + c**2 + c + 1. Let p be w(0). Let u = 3 - p. Suppose 0 = k - u*k + 13. Is k a composite number?
False
Let i = -2368 - -3611. Is i composite?
True
Suppose -27 = 4*v - q, -2*q + 34 = -4*v + 12. Let a(y) = y**3 + 9*y**2 - 8*y + 10. Let m be a(v). Suppose 0 = l - 2, 4*i + l = 2*l + m. Is i a composite number?
True
Let u be ((-2)/6)/(4/(-780)). Suppose -281 = -5*c - 2*y, 222 + u = 5*c + 4*y. Is c a prime number?
False
Let t = -6 - 12. Is (-3)/18 + (-4521)/t prime?
True
Let r = -45 - -91. Suppose -r = -2*o + h, -o + 9*h = 4*h - 41. Is o prime?
False
Is 1/(-4) + (-18666)/(-8) a prime number?
True
Let z = -25 + 866. Is z a composite number?
Tru